 - (-105)/3. Calculate the greatest common factor of 48 and p.
12
Let o(v) be the second derivative of -v**3/2 - 3*v**2/2 - v. Let p be o(6). Let l be 1161/21 - (-6)/p. Calculate the highest common factor of l and 5.
5
Let q(s) = 0*s + 16*s**2 + 3*s - 10*s**2 + s**3 + 1. Let f be q(-5). Calculate the highest common divisor of 99 and f.
11
Let q(b) = b + 1. Let y be q(3). Let g be (-3)/12 - (-49)/y. Suppose -w = 4*v - 6*v + 3, 3*v = 5*w - 6. What is the greatest common factor of w and g?
3
Suppose -3*l = -4*l + 63. Calculate the greatest common factor of l and 21.
21
Let u(y) = -y - 5. Let a be u(-8). Calculate the greatest common divisor of a and 9.
3
Suppose -90 = 2*d - 7*d. What is the greatest common divisor of d and 6?
6
Let v(c) = -4*c + 1. Let h be v(-7). Calculate the highest common divisor of 319 and h.
29
Let z = 54 - 30. Suppose 6*m - 2*m + 16 = 0. Let b(i) = -2*i. Let k be b(m). Calculate the highest common factor of z and k.
8
Suppose 2*a + 6 = 0, -4*a = -3*d + 720 + 132. What is the greatest common divisor of 28 and d?
28
Suppose 31 + 49 = 5*l. What is the highest common factor of l and 8?
8
Let x be (-1 - -2) + 60/(-4). Let d be 21/x*(-26)/3. Calculate the highest common divisor of d and 26.
13
Let b = 595 - 350. Calculate the highest common factor of 35 and b.
35
Suppose 0 = -2*y + 2*x + 30, 10*y - 7*y + x = 37. Suppose -2*b - 2*h + 98 = 0, -3*h - 39 = -2*b + 74. Calculate the highest common factor of y and b.
13
Let h = -16 + 24. Suppose -2*y + 8 = -3*x - 7, 2*y + 3*x + 15 = 0. Let s be (y + 2)*(-2)/(-4). Calculate the greatest common factor of s and h.
1
Suppose -8 = -p + 7. Let y = -68 - -74. Calculate the greatest common factor of p and y.
3
Suppose -51 = -3*o + g, -o - 4 = 5*g - 5. What is the highest common divisor of 40 and o?
8
Let w(b) = 22*b**3 + b**2 - 2*b + 1. Let p be w(1). Suppose 3*j = j + p. Calculate the highest common divisor of j and 11.
11
Suppose 4*k + 148 + 172 = 3*g, 5*k = 3*g - 316. Let a be 0 - -19 - (-4 - -7). Calculate the greatest common factor of g and a.
16
Suppose 5*t + 27 = 97. What is the highest common factor of t and 70?
14
Let a = 27 + 71. What is the greatest common factor of a and 28?
14
Suppose 0*q = -4*q + 120. Let c = q + 10. What is the highest common divisor of c and 4?
4
Let v be 13/((-1)/(-5)*1). Let t be (1 - 0) + 11/((-88)/(-200)). What is the greatest common divisor of t and v?
13
Let d be (-11 - -1)/(22/4 + -6). Calculate the greatest common factor of 140 and d.
20
Let v(x) = x**3 - 4*x + 2. Let u be v(4). Suppose c - 79 = 16. Let z = c - u. Calculate the highest common divisor of 5 and z.
5
Let t(f) be the third derivative of f**4/24 + 7*f**3 + 2*f**2. Let l be t(0). Calculate the greatest common factor of 6 and l.
6
Suppose -28 = 2*l - 5*l + 2*a, 5*l + 5*a = 30. Let q = 14 + -12. Suppose q*d + m = -d + 187, -d + 39 = 5*m. What is the highest common factor of l and d?
8
Let y be (269 - -1)*18/27. What is the highest common factor of y and 36?
36
Let r be ((-12)/10)/(12/(-1640)). Let d be r - (-1 - (-10)/2). Calculate the greatest common divisor of 64 and d.
32
Let t(x) = 6*x - 82. Let f be t(15). Calculate the greatest common factor of 12 and f.
4
Let q be (60/(-6))/((-1)/2). Let o = q - 9. What is the highest common factor of o and 88?
11
Let b = -23 + 31. Calculate the greatest common factor of b and 20.
4
Suppose -f - 2 = -12. Let y = f + 70. What is the highest common factor of y and 20?
20
Suppose -5*u = -3*w + 143, 5*u + 0*u - 81 = -w. Let m(j) = 2*j**2 + 8*j + 4. Let l be m(-5). What is the greatest common factor of l and w?
14
Let n(c) = c**2 - 2*c + 3. Let h be n(2). Suppose -2*w + 65 = 5*o + h*w, -w = -3*o + 27. Calculate the greatest common factor of 40 and o.
10
Suppose j - 3 + 6 = 0. Let b be (-58)/(1/(3/j)). What is the highest common divisor of b and 145?
29
Let y(s) = s**2 - 7*s + 3. Let b be y(7). Let t be b + -2 - 6/(-3). Suppose -5*h + 12 + 63 = 0. What is the highest common factor of t and h?
3
Let b = 132 + -67. Let m be ((-32)/(-10))/(26/b). What is the highest common factor of 4 and m?
4
Suppose 61 = 6*p - 251. What is the highest common factor of p and 26?
26
Let f(l) = 26*l - 28*l + 4*l**2 + 5*l**2. Let g be f(-2). Calculate the greatest common factor of 8 and g.
8
Let q be -4*1*(-3)/(-2). Let b(j) = -4*j + 5*j + 4*j + j**2. Let y be b(q). Calculate the highest common divisor of y and 6.
6
Let r be (-60)/18 - (-2)/(-3). Let i(d) = 3*d**2 - 2*d + 2. Let p be i(r). Suppose -4*l + 46 + p = 0. Calculate the highest common divisor of 39 and l.
13
Let b be (((-2)/(-8))/1)/((-6)/(-312)). What is the highest common factor of b and 13?
13
Let j be (-313)/(-7) + 2/7. Let q = 16 + -10. Let c be q - ((-4 - -3) + -2). Calculate the greatest common factor of c and j.
9
Let y(s) = s**3 + 7*s**2 + 7*s + 6. Let v be y(-4). Suppose a - v = -a. Calculate the highest common factor of 26 and a.
13
Suppose k + 2*s = 81, 0 = -7*k + 5*k - s + 162. Suppose 0*o + k = 3*o. Let t be (-15)/5 - -3*2. Calculate the greatest common divisor of o and t.
3
Suppose -8 = 2*r, 3*j - 5*j = -3*r - 32. Let m(u) = -10*u. Suppose -1 = c + 2. Let k be m(c). Calculate the greatest common factor of j and k.
10
Let t be (14/6)/((-4)/24). Let v be 32/t + (-4)/(-14). Let i = 31 - v. What is the greatest common factor of 3 and i?
3
Suppose -2*b + 7 = -5. Suppose m = 62 - b. Suppose -2*k + 6*k - m = 0. What is the greatest common factor of k and 112?
14
Let c(k) = 2*k**3 + k**2 + k. Let d be c(-1). Let w = d + 7. What is the greatest common divisor of 40 and w?
5
Suppose 0 = 2*d - 66 - 30. Suppose 0*z - 4*z = -96. Calculate the highest common factor of d and z.
24
Suppose -76*o + 78*o = 28. Let d(l) = l**2 + l + 1. Let r be (-42)/8 + (-1)/(-4). Let j be d(r). What is the greatest common factor of o and j?
7
Let k = 28 - 9. Calculate the highest common factor of 95 and k.
19
Suppose -3*a + 3 = 0, 0 = 3*k + 2*a + a - 21. Let m = k - 2. Suppose 0*s = 4*s - m*z - 36, z - 18 = -2*s. Calculate the highest common divisor of s and 6.
3
Suppose 48 = -4*p + 228. Calculate the highest common divisor of 27 and p.
9
Let c(t) = -6*t. Let m be c(-5). Let n(l) = l**2 - 4*l + 7. Let d be n(5). What is the highest common divisor of m and d?
6
Let b be 5/(-15) + 301/3. Suppose 5*t - 10 = -2*i, -4*i = -t - 23 - 19. What is the highest common factor of b and i?
10
Let u be (1189/(-58))/(1/(-2)). What is the greatest common divisor of u and 41?
41
Let w = 5 + -3. Let i(l) = -l - w*l + 0*l. Let d be i(-4). Calculate the highest common factor of 4 and d.
4
Suppose 3*t + 19 = 3*o - 11, -4*o - 50 = 5*t. Let w(u) = u**3 + 9*u**2 - 10*u + 14. Let m be w(t). Calculate the highest common factor of 35 and m.
7
Let b be -4*(-1 - -2)/(-2). Suppose -4*y + b*x - x + 687 = 0, 2*y + 5*x - 349 = 0. Let n = y + -37. What is the highest common divisor of 15 and n?
15
Let o be (-2)/(-2)*-1*-1. Let u be 72 - (1 + 0 + o). Let t(s) = s**3 - 6*s**2 + s + 8. Let b be t(6). What is the highest common factor of u and b?
14
Let u be ((-3)/(-9))/(2/114). Suppose -51 = -5*s + u. What is the highest common divisor of s and 70?
14
Suppose 28 + 87 = 5*v. Let t(r) = -r**2 + 6*r + 2. Let m be t(6). Suppose -276 = -l - m*l. Calculate the highest common divisor of v and l.
23
Suppose 4*k = 4*x + k - 296, 3*x + k - 235 = 0. Suppose 2 = i - 3*a, -a + 61 = 5*i + a. What is the highest common factor of x and i?
11
Suppose 0 = -3*s + 4*g + 24, 0 = -2*s + g + 5 + 6. Suppose -3*i = 4*u - 417 + 79, u - 442 = -s*i. Calculate the highest common factor of i and 10.
10
Let n be ((-7)/(-14))/(3/6). Let z = 0 - -2. Let d = -1 + z. Calculate the greatest common factor of n and d.
1
Let m be (2/(-2))/((-6)/174). Suppose -s + m = -35. What is the greatest common divisor of s and 96?
32
Let z be (-11010)/(-55) - (-2)/(-11). What is the greatest common divisor of 20 and z?
20
Let v(o) = 2*o**3 - 12*o**2 + 4*o + 6. Let y be v(6). Calculate the greatest common factor of 75 and y.
15
Suppose -p = 2*p. Suppose 5*x = -3*z + 26, p*z = z + 5*x - 22. Let g be 9 + -7 - -15*z. Calculate the greatest common factor of g and 48.
16
Let d(u) = u**2 - 2*u. Let n(f) = 2*f - 8. Let h be n(6). Let x be d(h). What is the highest common divisor of x and 2?
2
Let k be (-1072)/(-10) - (-16)/20. Wh